Last updated on 2024-06-07 09:54:15 CEST.
Flavor | Version | Tinstall | Tcheck | Ttotal | Status | Flags |
---|---|---|---|---|---|---|
r-devel-linux-x86_64-debian-clang | 2.0.0 | 10.61 | 647.77 | 658.38 | OK | |
r-devel-linux-x86_64-debian-gcc | 2.0.0 | 9.09 | 440.90 | 449.99 | OK | |
r-devel-linux-x86_64-fedora-clang | 2.0.0 | 816.12 | NOTE | |||
r-devel-linux-x86_64-fedora-gcc | 2.0.0 | 801.52 | OK | |||
r-devel-windows-x86_64 | 2.0.0 | 11.00 | 461.00 | 472.00 | NOTE | |
r-patched-linux-x86_64 | 2.0.0 | 12.54 | 600.32 | 612.86 | OK | |
r-release-linux-x86_64 | 2.0.0 | 9.20 | 618.15 | 627.35 | OK | |
r-release-macos-arm64 | 2.0.0 | 267.00 | NOTE | |||
r-release-macos-x86_64 | 2.0.0 | 329.00 | NOTE | |||
r-release-windows-x86_64 | 2.0.0 | 10.00 | 464.00 | 474.00 | NOTE | |
r-oldrel-macos-arm64 | 2.0.0 | 300.00 | NOTE | |||
r-oldrel-macos-x86_64 | 2.0.0 | 600.00 | NOTE | |||
r-oldrel-windows-x86_64 | 2.0.0 | 14.00 | 577.00 | 591.00 | NOTE |
Version: 2.0.0
Check: installed package size
Result: NOTE
installed size is 5.2Mb
sub-directories of 1Mb or more:
doc 4.7Mb
Flavors: r-devel-linux-x86_64-fedora-clang, r-devel-windows-x86_64, r-release-macos-arm64, r-release-macos-x86_64, r-release-windows-x86_64, r-oldrel-macos-arm64, r-oldrel-macos-x86_64, r-oldrel-windows-x86_64