Last updated on 2024-06-16 09:56:16 CEST.
Flavor | Version | Tinstall | Tcheck | Ttotal | Status | Flags |
---|---|---|---|---|---|---|
r-devel-linux-x86_64-debian-clang | 4.1-15 | 378.55 | 436.94 | 815.49 | OK | |
r-devel-linux-x86_64-debian-gcc | 4.1-15 | 264.15 | 289.81 | 553.96 | OK | |
r-devel-linux-x86_64-fedora-clang | 4.1-15 | 1089.91 | NOTE | |||
r-devel-linux-x86_64-fedora-gcc | 4.1-15 | 1076.68 | OK | |||
r-devel-windows-x86_64 | 4.1-15 | 289.00 | 349.00 | 638.00 | NOTE | |
r-patched-linux-x86_64 | 4.1-15 | 323.61 | 405.95 | 729.56 | OK | |
r-release-linux-x86_64 | 4.1-15 | 319.50 | 401.02 | 720.52 | OK | |
r-release-macos-arm64 | 4.1-15 | 186.00 | NOTE | |||
r-release-macos-x86_64 | 4.1-15 | 289.00 | NOTE | |||
r-release-windows-x86_64 | 4.1-15 | 289.00 | 343.00 | 632.00 | NOTE | |
r-oldrel-macos-arm64 | 4.1-15 | 201.00 | NOTE | |||
r-oldrel-macos-x86_64 | 4.1-15 | 400.00 | NOTE | |||
r-oldrel-windows-x86_64 | 4.1-15 | 361.00 | 455.00 | 816.00 | NOTE |
Version: 4.1-15
Check: installed package size
Result: NOTE
installed size is 5.2Mb
sub-directories of 1Mb or more:
R 2.2Mb
Flavors: r-devel-linux-x86_64-fedora-clang, r-devel-windows-x86_64, r-release-macos-arm64, r-release-macos-x86_64, r-release-windows-x86_64, r-oldrel-macos-arm64, r-oldrel-macos-x86_64, r-oldrel-windows-x86_64