Last updated on 2024-06-07 09:54:12 CEST.
Flavor | Version | Tinstall | Tcheck | Ttotal | Status | Flags |
---|---|---|---|---|---|---|
r-devel-linux-x86_64-debian-clang | 1.1.1 | 33.61 | 56.09 | 89.70 | OK | |
r-devel-linux-x86_64-debian-gcc | 1.1.1 | 20.01 | 38.55 | 58.56 | OK | |
r-devel-linux-x86_64-fedora-clang | 1.1.1 | 111.55 | NOTE | |||
r-devel-linux-x86_64-fedora-gcc | 1.1.1 | 113.96 | NOTE | |||
r-devel-windows-x86_64 | 1.1.1 | 26.00 | 76.00 | 102.00 | OK | |
r-patched-linux-x86_64 | 1.1.1 | 30.07 | 53.40 | 83.47 | OK | |
r-release-linux-x86_64 | 1.1.1 | 30.84 | 53.22 | 84.06 | OK | |
r-release-macos-arm64 | 1.1.1 | 26.00 | OK | |||
r-release-macos-x86_64 | 1.1.1 | 43.00 | OK | |||
r-release-windows-x86_64 | 1.1.1 | 26.00 | 78.00 | 104.00 | OK | |
r-oldrel-macos-arm64 | 1.1.1 | 33.00 | OK | |||
r-oldrel-macos-x86_64 | 1.1.1 | 49.00 | OK | |||
r-oldrel-windows-x86_64 | 1.1.1 | 32.00 | 86.00 | 118.00 | OK |
Version: 1.1.1
Check: compiled code
Result: NOTE
File ‘saturnin/libs/saturnin.so’:
Found no calls to: ‘R_registerRoutines’, ‘R_useDynamicSymbols’
It is good practice to register native routines and to disable symbol
search.
See ‘Writing portable packages’ in the ‘Writing R Extensions’ manual.
Flavors: r-devel-linux-x86_64-fedora-clang, r-devel-linux-x86_64-fedora-gcc