Last updated on 2024-06-07 09:54:11 CEST.
Flavor | Version | Tinstall | Tcheck | Ttotal | Status | Flags |
---|---|---|---|---|---|---|
r-devel-linux-x86_64-debian-clang | 0.7-3 | 339.74 | 175.42 | 515.16 | OK | |
r-devel-linux-x86_64-debian-gcc | 0.7-3 | 220.39 | 128.41 | 348.80 | OK | |
r-devel-linux-x86_64-fedora-clang | 0.7-3 | 748.48 | OK | |||
r-devel-linux-x86_64-fedora-gcc | 0.7-3 | 724.87 | OK | |||
r-devel-windows-x86_64 | 0.7-3 | 250.00 | 173.00 | 423.00 | OK | |
r-patched-linux-x86_64 | 0.7-3 | 206.52 | 172.22 | 378.74 | OK | |
r-release-linux-x86_64 | 0.7-3 | 201.35 | 172.87 | 374.22 | OK | |
r-release-macos-arm64 | 0.7-3 | 125.00 | NOTE | |||
r-release-macos-x86_64 | 0.7-3 | 168.00 | NOTE | |||
r-release-windows-x86_64 | 0.7-3 | 240.00 | 174.00 | 414.00 | OK | |
r-oldrel-macos-arm64 | 0.7-3 | 138.00 | NOTE | |||
r-oldrel-macos-x86_64 | 0.7-3 | 247.00 | NOTE | |||
r-oldrel-windows-x86_64 | 0.7-3 | 308.00 | 203.00 | 511.00 | OK |
Version: 0.7-3
Check: installed package size
Result: NOTE
installed size is 5.3Mb
sub-directories of 1Mb or more:
libs 4.8Mb
Flavors: r-release-macos-arm64, r-release-macos-x86_64, r-oldrel-macos-arm64, r-oldrel-macos-x86_64