Last updated on 2024-06-07 09:54:11 CEST.
Flavor | Version | Tinstall | Tcheck | Ttotal | Status | Flags |
---|---|---|---|---|---|---|
r-devel-linux-x86_64-debian-clang | 2.11.3 | 11.19 | 96.45 | 107.64 | OK | |
r-devel-linux-x86_64-debian-gcc | 2.11.3 | 8.73 | 71.51 | 80.24 | OK | |
r-devel-linux-x86_64-fedora-clang | 2.11.3 | 129.41 | NOTE | |||
r-devel-linux-x86_64-fedora-gcc | 2.11.3 | 134.73 | NOTE | |||
r-devel-windows-x86_64 | 2.11.3 | 11.00 | 125.00 | 136.00 | OK | |
r-patched-linux-x86_64 | 2.11.3 | 10.80 | 91.85 | 102.65 | OK | |
r-release-linux-x86_64 | 2.11.3 | 6.63 | 90.18 | 96.81 | OK | |
r-release-macos-arm64 | 2.11.3 | 62.00 | OK | |||
r-release-macos-x86_64 | 2.11.3 | 134.00 | OK | |||
r-release-windows-x86_64 | 2.11.3 | 10.00 | 101.00 | 111.00 | OK | |
r-oldrel-macos-arm64 | 2.11.3 | 59.00 | OK | |||
r-oldrel-macos-x86_64 | 2.11.3 | 81.00 | OK | |||
r-oldrel-windows-x86_64 | 2.11.3 | 12.00 | 110.00 | 122.00 | OK |
Version: 2.11.3
Check: dependencies in R code
Result: NOTE
Namespace in Imports field not imported from: ‘memoise’
All declared Imports should be used.
Flavors: r-devel-linux-x86_64-fedora-clang, r-devel-linux-x86_64-fedora-gcc