Last updated on 2024-06-07 09:54:10 CEST.
Flavor | Version | Tinstall | Tcheck | Ttotal | Status | Flags |
---|---|---|---|---|---|---|
r-devel-linux-x86_64-debian-clang | 0.5.1 | 12.24 | 111.09 | 123.33 | OK | |
r-devel-linux-x86_64-debian-gcc | 0.5.1 | 9.34 | 80.27 | 89.61 | OK | |
r-devel-linux-x86_64-fedora-clang | 0.5.1 | 151.28 | OK | |||
r-devel-linux-x86_64-fedora-gcc | 0.5.1 | 153.63 | OK | |||
r-devel-windows-x86_64 | 0.5.1 | 10.00 | 77.00 | 87.00 | OK | |
r-patched-linux-x86_64 | 0.5.1 | 16.13 | 102.76 | 118.89 | OK | |
r-release-linux-x86_64 | 0.5.1 | 10.64 | 107.22 | 117.86 | OK | |
r-release-macos-arm64 | 0.5.1 | 46.00 | OK | |||
r-release-macos-x86_64 | 0.5.1 | 67.00 | OK | |||
r-release-windows-x86_64 | 0.5.1 | 10.00 | 91.00 | 101.00 | OK | |
r-oldrel-macos-arm64 | 0.5.1 | 46.00 | OK | |||
r-oldrel-macos-x86_64 | 0.5.1 | 68.00 | NOTE | |||
r-oldrel-windows-x86_64 | 0.5.1 | 14.00 | 108.00 | 122.00 | OK |
Version: 0.5.1
Check: package dependencies
Result: NOTE
Package suggested but not available for checking: ‘rCBA’
Flavor: r-oldrel-macos-x86_64