Last updated on 2024-06-07 09:54:10 CEST.
Flavor | Version | Tinstall | Tcheck | Ttotal | Status | Flags |
---|---|---|---|---|---|---|
r-devel-linux-x86_64-debian-clang | 0.0.1 | 4.21 | 31.34 | 35.55 | OK | |
r-devel-linux-x86_64-debian-gcc | 0.0.1 | 3.06 | 23.85 | 26.91 | OK | |
r-devel-linux-x86_64-fedora-clang | 0.0.1 | 44.85 | NOTE | |||
r-devel-linux-x86_64-fedora-gcc | 0.0.1 | 41.35 | NOTE | |||
r-devel-windows-x86_64 | 0.0.1 | 5.00 | 47.00 | 52.00 | OK | |
r-patched-linux-x86_64 | 0.0.1 | 3.10 | 30.59 | 33.69 | OK | |
r-release-linux-x86_64 | 0.0.1 | 2.70 | 29.58 | 32.28 | OK | |
r-release-macos-arm64 | 0.0.1 | 19.00 | OK | |||
r-release-macos-x86_64 | 0.0.1 | 25.00 | OK | |||
r-release-windows-x86_64 | 0.0.1 | 5.00 | 49.00 | 54.00 | OK | |
r-oldrel-macos-arm64 | 0.0.1 | 20.00 | OK | |||
r-oldrel-macos-x86_64 | 0.0.1 | 27.00 | OK | |||
r-oldrel-windows-x86_64 | 0.0.1 | 6.00 | 50.00 | 56.00 | OK |
Version: 0.0.1
Check: dependencies in R code
Result: NOTE
Namespaces in Imports field not imported from:
‘kableExtra’ ‘readr’ ‘tidyverse’
All declared Imports should be used.
Flavors: r-devel-linux-x86_64-fedora-clang, r-devel-linux-x86_64-fedora-gcc