Last updated on 2024-06-16 09:56:12 CEST.
Flavor | Version | Tinstall | Tcheck | Ttotal | Status | Flags |
---|---|---|---|---|---|---|
r-devel-linux-x86_64-debian-clang | 1.0 | 178.07 | 354.66 | 532.73 | NOTE | |
r-devel-linux-x86_64-debian-gcc | 1.0 | 143.98 | 276.23 | 420.21 | NOTE | |
r-devel-linux-x86_64-fedora-clang | 1.0 | 653.89 | NOTE | |||
r-devel-linux-x86_64-fedora-gcc | 1.0 | 750.21 | NOTE | |||
r-devel-windows-x86_64 | 1.0 | 143.00 | 251.00 | 394.00 | NOTE | |
r-patched-linux-x86_64 | 1.0 | 139.04 | 390.72 | 529.76 | NOTE | |
r-release-linux-x86_64 | 1.0 | 144.15 | 392.97 | 537.12 | NOTE | |
r-release-macos-arm64 | 1.0 | 160.00 | NOTE | |||
r-release-macos-x86_64 | 1.0 | 279.00 | NOTE | |||
r-release-windows-x86_64 | 1.0 | 142.00 | 255.00 | 397.00 | NOTE | |
r-oldrel-macos-arm64 | 1.0 | 219.00 | NOTE | |||
r-oldrel-macos-x86_64 | 1.0 | 361.00 | NOTE | |||
r-oldrel-windows-x86_64 | 1.0 | 188.00 | 321.00 | 509.00 | NOTE |
Version: 1.0
Check: for GNU extensions in Makefiles
Result: NOTE
GNU make is a SystemRequirements.
Flavors: r-devel-linux-x86_64-debian-clang, r-devel-linux-x86_64-debian-gcc, r-devel-linux-x86_64-fedora-clang, r-devel-linux-x86_64-fedora-gcc, r-devel-windows-x86_64, r-patched-linux-x86_64, r-release-linux-x86_64, r-release-macos-arm64, r-release-macos-x86_64, r-release-windows-x86_64, r-oldrel-macos-arm64, r-oldrel-macos-x86_64, r-oldrel-windows-x86_64
Version: 1.0
Check: dependencies in R code
Result: NOTE
Namespaces in Imports field not imported from:
‘StanHeaders’ ‘methods’ ‘rstantools’
All declared Imports should be used.
Flavors: r-devel-linux-x86_64-fedora-clang, r-devel-linux-x86_64-fedora-gcc
Version: 1.0
Check: installed package size
Result: NOTE
installed size is 49.4Mb
sub-directories of 1Mb or more:
libs 48.7Mb
Flavors: r-release-macos-arm64, r-release-macos-x86_64, r-oldrel-macos-arm64, r-oldrel-macos-x86_64