Last updated on 2024-06-07 09:54:09 CEST.
Flavor | Version | Tinstall | Tcheck | Ttotal | Status | Flags |
---|---|---|---|---|---|---|
r-devel-linux-x86_64-debian-clang | 0.9-7 | 4.13 | 62.09 | 66.22 | NOTE | |
r-devel-linux-x86_64-debian-gcc | 0.9-7 | 3.41 | 45.08 | 48.49 | NOTE | |
r-devel-linux-x86_64-fedora-clang | 0.9-7 | 82.17 | NOTE | |||
r-devel-linux-x86_64-fedora-gcc | 0.9-7 | 90.55 | NOTE | |||
r-devel-windows-x86_64 | 0.9-7 | 7.00 | 73.00 | 80.00 | NOTE | |
r-patched-linux-x86_64 | 0.9-7 | 4.36 | 59.17 | 63.53 | NOTE | |
r-release-linux-x86_64 | 0.9-7 | 3.55 | 56.06 | 59.61 | NOTE | |
r-release-macos-arm64 | 0.9-7 | 35.00 | NOTE | |||
r-release-macos-x86_64 | 0.9-7 | 56.00 | NOTE | |||
r-release-windows-x86_64 | 0.9-7 | 5.00 | 74.00 | 79.00 | NOTE | |
r-oldrel-macos-arm64 | 0.9-7 | 33.00 | NOTE | |||
r-oldrel-macos-x86_64 | 0.9-7 | 50.00 | NOTE | |||
r-oldrel-windows-x86_64 | 0.9-7 | 5.00 | 80.00 | 85.00 | NOTE |
Version: 0.9-7
Check: Rd files
Result: NOTE
checkRd: (-1) jackal.Rd:32: Escaped LaTeX specials: \&
Flavors: r-devel-linux-x86_64-debian-clang, r-devel-linux-x86_64-debian-gcc, r-devel-linux-x86_64-fedora-clang, r-devel-linux-x86_64-fedora-gcc, r-devel-windows-x86_64, r-patched-linux-x86_64, r-release-linux-x86_64, r-release-macos-arm64, r-release-macos-x86_64, r-release-windows-x86_64, r-oldrel-macos-arm64, r-oldrel-macos-x86_64, r-oldrel-windows-x86_64