Last updated on 2024-06-07 09:54:09 CEST.
Flavor | Version | Tinstall | Tcheck | Ttotal | Status | Flags |
---|---|---|---|---|---|---|
r-devel-linux-x86_64-debian-clang | 0.2.4 | 14.36 | 97.21 | 111.57 | OK | |
r-devel-linux-x86_64-debian-gcc | 0.2.4 | 11.54 | 72.25 | 83.79 | OK | |
r-devel-linux-x86_64-fedora-clang | 0.2.4 | 138.35 | NOTE | |||
r-devel-linux-x86_64-fedora-gcc | 0.2.4 | 129.06 | NOTE | |||
r-devel-windows-x86_64 | 0.2.4 | 14.00 | 87.00 | 101.00 | OK | |
r-patched-linux-x86_64 | 0.2.4 | 20.33 | 92.30 | 112.63 | OK | |
r-release-linux-x86_64 | 0.2.4 | 10.23 | 92.40 | 102.63 | OK | |
r-release-macos-arm64 | 0.2.4 | 39.00 | OK | |||
r-release-macos-x86_64 | 0.2.4 | 57.00 | OK | |||
r-release-windows-x86_64 | 0.2.4 | 13.00 | 88.00 | 101.00 | OK | |
r-oldrel-macos-arm64 | 0.2.4 | 41.00 | OK | |||
r-oldrel-macos-x86_64 | 0.2.4 | 78.00 | OK | |||
r-oldrel-windows-x86_64 | 0.2.4 | 17.00 | 103.00 | 120.00 | OK |
Version: 0.2.4
Check: data for non-ASCII characters
Result: NOTE
Note: found 4860 marked UTF-8 strings
Flavors: r-devel-linux-x86_64-fedora-clang, r-devel-linux-x86_64-fedora-gcc