Last updated on 2024-06-07 09:54:08 CEST.
Flavor | Version | Tinstall | Tcheck | Ttotal | Status | Flags |
---|---|---|---|---|---|---|
r-devel-linux-x86_64-debian-clang | 0.1.0 | 51.53 | 30.20 | 81.73 | NOTE | |
r-devel-linux-x86_64-debian-gcc | 0.1.0 | 29.76 | 23.43 | 53.19 | NOTE | |
r-devel-linux-x86_64-fedora-clang | 0.1.0 | 104.10 | NOTE | |||
r-devel-linux-x86_64-fedora-gcc | 0.1.0 | 110.91 | NOTE | |||
r-devel-windows-x86_64 | 0.1.0 | 36.00 | 64.00 | 100.00 | NOTE | |
r-patched-linux-x86_64 | 0.1.0 | 41.08 | 28.57 | 69.65 | NOTE | |
r-release-linux-x86_64 | 0.1.0 | 43.02 | 29.42 | 72.44 | NOTE | |
r-release-macos-arm64 | 0.1.0 | 29.00 | NOTE | |||
r-release-macos-x86_64 | 0.1.0 | 41.00 | NOTE | |||
r-release-windows-x86_64 | 0.1.0 | 37.00 | 70.00 | 107.00 | NOTE | |
r-oldrel-macos-arm64 | 0.1.0 | 30.00 | NOTE | |||
r-oldrel-macos-x86_64 | 0.1.0 | 49.00 | NOTE | |||
r-oldrel-windows-x86_64 | 0.1.0 | 45.00 | 75.00 | 120.00 | NOTE |
Version: 0.1.0
Check: C++ specification
Result: NOTE
Specified C++11: please drop specification unless essential
Flavors: r-devel-linux-x86_64-debian-clang, r-devel-linux-x86_64-debian-gcc, r-devel-linux-x86_64-fedora-clang, r-devel-linux-x86_64-fedora-gcc, r-devel-windows-x86_64, r-patched-linux-x86_64, r-release-linux-x86_64, r-release-macos-arm64, r-release-macos-x86_64, r-release-windows-x86_64, r-oldrel-macos-arm64, r-oldrel-macos-x86_64, r-oldrel-windows-x86_64