Last updated on 2024-06-07 09:54:08 CEST.
Flavor | Version | Tinstall | Tcheck | Ttotal | Status | Flags |
---|---|---|---|---|---|---|
r-devel-linux-x86_64-debian-clang | 1.8.24 | 17.42 | 186.80 | 204.22 | OK | |
r-devel-linux-x86_64-debian-gcc | 1.8.24 | 14.52 | 134.97 | 149.49 | OK | |
r-devel-linux-x86_64-fedora-clang | 1.8.24 | 253.75 | NOTE | |||
r-devel-linux-x86_64-fedora-gcc | 1.8.24 | 255.76 | NOTE | |||
r-devel-windows-x86_64 | 1.8.24 | 16.00 | 170.00 | 186.00 | OK | |
r-patched-linux-x86_64 | 1.8.24 | 29.65 | 171.84 | 201.49 | OK | |
r-release-linux-x86_64 | 1.8.24 | 16.00 | 175.01 | 191.01 | OK | |
r-release-macos-arm64 | 1.8.24 | 77.00 | OK | |||
r-release-macos-x86_64 | 1.8.24 | 143.00 | OK | |||
r-release-windows-x86_64 | 1.8.24 | 19.00 | 176.00 | 195.00 | OK | |
r-oldrel-macos-arm64 | 1.8.24 | 119.00 | OK | |||
r-oldrel-macos-x86_64 | 1.8.24 | 154.00 | OK | |||
r-oldrel-windows-x86_64 | 1.8.24 | 23.00 | 203.00 | 226.00 | OK |
Version: 1.8.24
Check: for detritus in the temp directory
Result: NOTE
Found the following files/directories:
‘Crashpad’
Flavors: r-devel-linux-x86_64-fedora-clang, r-devel-linux-x86_64-fedora-gcc