Last updated on 2024-06-07 09:54:05 CEST.
Flavor | Version | Tinstall | Tcheck | Ttotal | Status | Flags |
---|---|---|---|---|---|---|
r-devel-linux-x86_64-debian-clang | 0.2.4 | 158.11 | 51.98 | 210.09 | NOTE | |
r-devel-linux-x86_64-debian-gcc | 0.2.4 | 114.33 | 39.04 | 153.37 | NOTE | |
r-devel-linux-x86_64-fedora-clang | 0.2.4 | 307.28 | NOTE | |||
r-devel-linux-x86_64-fedora-gcc | 0.2.4 | 311.37 | NOTE | |||
r-devel-windows-x86_64 | 0.2.4 | 143.00 | 79.00 | 222.00 | NOTE | |
r-patched-linux-x86_64 | 0.2.4 | 140.30 | 50.44 | 190.74 | OK | |
r-release-linux-x86_64 | 0.2.4 | 132.04 | 48.95 | 180.99 | OK | |
r-release-macos-arm64 | 0.2.4 | 60.00 | OK | |||
r-release-macos-x86_64 | 0.2.4 | 58.00 | OK | |||
r-release-windows-x86_64 | 0.2.4 | 143.00 | 79.00 | 222.00 | OK | |
r-oldrel-macos-arm64 | 0.2.4 | 69.00 | OK | |||
r-oldrel-macos-x86_64 | 0.2.4 | 77.00 | OK | |||
r-oldrel-windows-x86_64 | 0.2.4 | 177.00 | 97.00 | 274.00 | OK |
Version: 0.2.4
Check: compiled code
Result: NOTE
File ‘hipread/libs/hipread.so’:
Found non-API calls to R: ‘SETLENGTH’, ‘SET_TRUELENGTH’
Compiled code should not call non-API entry points in R.
See ‘Writing portable packages’ in the ‘Writing R Extensions’ manual.
Flavors: r-devel-linux-x86_64-debian-clang, r-devel-linux-x86_64-debian-gcc, r-devel-linux-x86_64-fedora-clang, r-devel-linux-x86_64-fedora-gcc
Version: 0.2.4
Check: compiled code
Result: NOTE
File 'hipread/libs/x64/hipread.dll':
Found non-API calls to R: 'SETLENGTH', 'SET_TRUELENGTH'
Compiled code should not call non-API entry points in R.
See 'Writing portable packages' in the 'Writing R Extensions' manual.
Flavor: r-devel-windows-x86_64