Last updated on 2024-06-07 09:54:04 CEST.
Flavor | Version | Tinstall | Tcheck | Ttotal | Status | Flags |
---|---|---|---|---|---|---|
r-devel-linux-x86_64-debian-clang | 1.0.2 | 6.14 | 75.61 | 81.75 | NOTE | |
r-devel-linux-x86_64-debian-gcc | 1.0.2 | 5.56 | 57.82 | 63.38 | NOTE | |
r-devel-linux-x86_64-fedora-clang | 1.0.2 | 108.48 | NOTE | |||
r-devel-linux-x86_64-fedora-gcc | 1.0.2 | 112.57 | NOTE | |||
r-devel-windows-x86_64 | 1.0.2 | 8.00 | 74.00 | 82.00 | NOTE | |
r-patched-linux-x86_64 | 1.0.2 | 7.24 | 75.00 | 82.24 | NOTE | |
r-release-linux-x86_64 | 1.0.2 | 6.46 | 73.26 | 79.72 | NOTE | |
r-release-macos-arm64 | 1.0.2 | 38.00 | NOTE | |||
r-release-macos-x86_64 | 1.0.2 | 56.00 | NOTE | |||
r-release-windows-x86_64 | 1.0.2 | 9.00 | 89.00 | 98.00 | NOTE | |
r-oldrel-macos-arm64 | 1.0.2 | 38.00 | NOTE | |||
r-oldrel-macos-x86_64 | 1.0.2 | 61.00 | NOTE | |||
r-oldrel-windows-x86_64 | 1.0.2 | 9.00 | 135.00 | 144.00 | NOTE |
Version: 1.0.2
Check: package subdirectories
Result: NOTE
Problems with news in ‘NEWS.md’:
Cannot extract version info from the following section titles:
Win CRAN check results - R Windows
Flavors: r-devel-linux-x86_64-debian-clang, r-devel-linux-x86_64-debian-gcc, r-devel-linux-x86_64-fedora-clang, r-devel-linux-x86_64-fedora-gcc, r-devel-windows-x86_64, r-patched-linux-x86_64, r-release-linux-x86_64, r-release-macos-arm64, r-release-macos-x86_64, r-release-windows-x86_64, r-oldrel-macos-arm64, r-oldrel-macos-x86_64, r-oldrel-windows-x86_64