Last updated on 2024-06-16 09:56:04 CEST.
Flavor | Version | Tinstall | Tcheck | Ttotal | Status | Flags |
---|---|---|---|---|---|---|
r-devel-linux-x86_64-debian-clang | 1.0.1 | 7.04 | 45.55 | 52.59 | NOTE | |
r-devel-linux-x86_64-debian-gcc | 1.0.1 | 4.83 | 35.39 | 40.22 | NOTE | |
r-devel-linux-x86_64-fedora-clang | 1.0.1 | 67.19 | NOTE | |||
r-devel-linux-x86_64-fedora-gcc | 1.0.1 | 61.44 | NOTE | |||
r-devel-windows-x86_64 | 1.0.1 | 7.00 | 55.00 | 62.00 | NOTE | |
r-patched-linux-x86_64 | 1.0.1 | 6.79 | 45.29 | 52.08 | NOTE | |
r-release-linux-x86_64 | 1.0.1 | 4.24 | 44.38 | 48.62 | NOTE | |
r-release-macos-arm64 | 1.0.1 | 24.00 | NOTE | |||
r-release-macos-x86_64 | 1.0.1 | 40.00 | NOTE | |||
r-release-windows-x86_64 | 1.0.1 | 7.00 | 55.00 | 62.00 | NOTE | |
r-oldrel-macos-arm64 | 1.0.1 | 27.00 | NOTE | |||
r-oldrel-macos-x86_64 | 1.0.1 | 35.00 | NOTE | |||
r-oldrel-windows-x86_64 | 1.0.1 | 8.00 | 64.00 | 72.00 | NOTE |
Version: 1.0.1
Check: LazyData
Result: NOTE
'LazyData' is specified without a 'data' directory
Flavors: r-devel-linux-x86_64-debian-clang, r-devel-linux-x86_64-debian-gcc, r-devel-linux-x86_64-fedora-clang, r-devel-linux-x86_64-fedora-gcc, r-devel-windows-x86_64, r-patched-linux-x86_64, r-release-linux-x86_64, r-release-macos-arm64, r-release-macos-x86_64, r-release-windows-x86_64, r-oldrel-macos-arm64, r-oldrel-macos-x86_64, r-oldrel-windows-x86_64
Version: 1.0.1
Check: dependencies in R code
Result: NOTE
Namespaces in Imports field not imported from:
‘ggplot2’ ‘pracma’ ‘rlang’
All declared Imports should be used.
Flavors: r-devel-linux-x86_64-fedora-clang, r-devel-linux-x86_64-fedora-gcc