Last updated on 2024-06-07 09:54:02 CEST.
Flavor | Version | Tinstall | Tcheck | Ttotal | Status | Flags |
---|---|---|---|---|---|---|
r-devel-linux-x86_64-debian-clang | 0.2.6 | 158.83 | 30.27 | 189.10 | OK | |
r-devel-linux-x86_64-debian-gcc | 0.2.6 | 118.54 | 23.70 | 142.24 | OK | |
r-devel-linux-x86_64-fedora-clang | 0.2.6 | 326.55 | OK | |||
r-devel-linux-x86_64-fedora-gcc | 0.2.6 | 303.37 | OK | |||
r-devel-windows-x86_64 | 0.2.6 | 132.00 | 68.00 | 200.00 | OK | |
r-patched-linux-x86_64 | 0.2.6 | 142.93 | 29.27 | 172.20 | OK | |
r-release-linux-x86_64 | 0.2.6 | 140.29 | 29.47 | 169.76 | OK | |
r-release-macos-arm64 | 0.2.6 | 58.00 | NOTE | |||
r-release-macos-x86_64 | 0.2.6 | 56.00 | NOTE | |||
r-release-windows-x86_64 | 0.2.6 | 134.00 | 71.00 | 205.00 | OK | |
r-oldrel-macos-arm64 | 0.2.6 | 70.00 | NOTE | |||
r-oldrel-macos-x86_64 | 0.2.6 | 123.00 | NOTE | |||
r-oldrel-windows-x86_64 | 0.2.6 | 130.00 | 81.00 | 211.00 | OK |
Version: 0.2.6
Check: installed package size
Result: NOTE
installed size is 12.4Mb
sub-directories of 1Mb or more:
libs 12.2Mb
Flavors: r-release-macos-arm64, r-release-macos-x86_64, r-oldrel-macos-arm64, r-oldrel-macos-x86_64