Last updated on 2024-06-07 09:54:02 CEST.
Flavor | Version | Tinstall | Tcheck | Ttotal | Status | Flags |
---|---|---|---|---|---|---|
r-devel-linux-x86_64-debian-clang | 0.3.3 | 4.05 | 50.76 | 54.81 | OK | |
r-devel-linux-x86_64-debian-gcc | 0.3.3 | 2.51 | 38.92 | 41.43 | OK | |
r-devel-linux-x86_64-fedora-clang | 0.3.3 | 68.33 | NOTE | |||
r-devel-linux-x86_64-fedora-gcc | 0.3.3 | 77.33 | OK | |||
r-devel-windows-x86_64 | 0.3.3 | 5.00 | 61.00 | 66.00 | NOTE | |
r-patched-linux-x86_64 | 0.3.3 | 3.79 | 50.24 | 54.03 | OK | |
r-release-linux-x86_64 | 0.3.3 | 3.24 | 49.15 | 52.39 | OK | |
r-release-macos-arm64 | 0.3.3 | 34.00 | NOTE | |||
r-release-macos-x86_64 | 0.3.3 | 55.00 | NOTE | |||
r-release-windows-x86_64 | 0.3.3 | 5.00 | 61.00 | 66.00 | NOTE | |
r-oldrel-macos-arm64 | 0.3.3 | 40.00 | NOTE | |||
r-oldrel-macos-x86_64 | 0.3.3 | 75.00 | NOTE | |||
r-oldrel-windows-x86_64 | 0.3.3 | 5.00 | 112.00 | 117.00 | NOTE |
Version: 0.3.3
Check: installed package size
Result: NOTE
installed size is 5.2Mb
sub-directories of 1Mb or more:
assets 2.9Mb
doc 2.1Mb
Flavors: r-devel-linux-x86_64-fedora-clang, r-devel-windows-x86_64, r-release-macos-arm64, r-release-macos-x86_64, r-release-windows-x86_64, r-oldrel-macos-arm64, r-oldrel-macos-x86_64, r-oldrel-windows-x86_64