Last updated on 2024-06-07 09:54:01 CEST.
Flavor | Version | Tinstall | Tcheck | Ttotal | Status | Flags |
---|---|---|---|---|---|---|
r-devel-linux-x86_64-debian-clang | 5.1 | 25.55 | 160.17 | 185.72 | NOTE | |
r-devel-linux-x86_64-debian-gcc | 5.1 | 16.10 | 112.13 | 128.23 | NOTE | |
r-devel-linux-x86_64-fedora-clang | 5.1 | 216.17 | NOTE | |||
r-devel-linux-x86_64-fedora-gcc | 5.1 | 204.46 | NOTE | |||
r-devel-windows-x86_64 | 5.1 | 18.00 | 130.00 | 148.00 | NOTE | |
r-patched-linux-x86_64 | 5.1 | 25.96 | 150.36 | 176.32 | NOTE | |
r-release-linux-x86_64 | 5.1 | 13.61 | 149.34 | 162.95 | NOTE | |
r-release-macos-arm64 | 5.1 | 54.00 | NOTE | |||
r-release-macos-x86_64 | 5.1 | 81.00 | NOTE | |||
r-release-windows-x86_64 | 5.1 | 18.00 | 132.00 | 150.00 | NOTE | |
r-oldrel-macos-arm64 | 5.1 | 66.00 | OK | |||
r-oldrel-macos-x86_64 | 5.1 | 98.00 | OK | |||
r-oldrel-windows-x86_64 | 5.1 | 24.00 | 183.00 | 207.00 | OK |
Version: 5.1
Check: Rd files
Result: NOTE
checkRd: (-1) difTID.Rd:185: Lost braces
185 | \code{\link[deltaPlotR]{deltaPlot}}, code{\link[deltaPlotR]{diagPlot}}, \code{\link{dichoDif}}
| ^
Flavors: r-devel-linux-x86_64-debian-clang, r-devel-linux-x86_64-debian-gcc, r-devel-linux-x86_64-fedora-clang, r-devel-linux-x86_64-fedora-gcc, r-devel-windows-x86_64, r-patched-linux-x86_64, r-release-linux-x86_64, r-release-macos-arm64, r-release-macos-x86_64, r-release-windows-x86_64