Last updated on 2024-06-07 09:54:01 CEST.
Flavor | Version | Tinstall | Tcheck | Ttotal | Status | Flags |
---|---|---|---|---|---|---|
r-devel-linux-x86_64-debian-clang | 0.4.1 | 6.83 | 598.90 | 605.73 | OK | |
r-devel-linux-x86_64-debian-gcc | 0.4.1 | 6.58 | 420.17 | 426.75 | OK | |
r-devel-linux-x86_64-fedora-clang | 0.4.1 | 753.56 | OK | |||
r-devel-linux-x86_64-fedora-gcc | 0.4.1 | 565.11 | OK | |||
r-devel-windows-x86_64 | 0.4.1 | 10.00 | 411.00 | 421.00 | OK | |
r-patched-linux-x86_64 | 0.4.1 | 13.18 | 585.30 | 598.48 | OK | |
r-release-linux-x86_64 | 0.4.1 | 7.51 | 586.15 | 593.66 | OK | |
r-release-macos-arm64 | 0.4.1 | 184.00 | OK | |||
r-release-macos-x86_64 | 0.4.1 | 321.00 | OK | |||
r-release-windows-x86_64 | 0.4.1 | 11.00 | 415.00 | 426.00 | OK | |
r-oldrel-macos-arm64 | 0.4.1 | 80.00 | NOTE | |||
r-oldrel-macos-x86_64 | 0.4.1 | 186.00 | NOTE | |||
r-oldrel-windows-x86_64 | 0.4.1 | 13.00 | 505.00 | 518.00 | OK |
Version: 0.4.1
Check: package dependencies
Result: NOTE
Package suggested but not available for checking: ‘phyloseq’
Flavors: r-oldrel-macos-arm64, r-oldrel-macos-x86_64