Last updated on 2024-06-07 09:54:00 CEST.
Flavor | Version | Tinstall | Tcheck | Ttotal | Status | Flags |
---|---|---|---|---|---|---|
r-devel-linux-x86_64-debian-clang | 0.1.1 | 12.36 | 205.08 | 217.44 | OK | |
r-devel-linux-x86_64-debian-gcc | 0.1.1 | 8.41 | 146.55 | 154.96 | OK | |
r-devel-linux-x86_64-fedora-clang | 0.1.1 | 269.09 | NOTE | |||
r-devel-linux-x86_64-fedora-gcc | 0.1.1 | 264.11 | OK | |||
r-devel-windows-x86_64 | 0.1.1 | 12.00 | 194.00 | 206.00 | NOTE | |
r-patched-linux-x86_64 | 0.1.1 | 12.44 | 187.96 | 200.40 | OK | |
r-release-linux-x86_64 | 0.1.1 | 11.59 | 194.14 | 205.73 | OK | |
r-release-macos-arm64 | 0.1.1 | 172.00 | NOTE | |||
r-release-macos-x86_64 | 0.1.1 | 172.00 | NOTE | |||
r-release-windows-x86_64 | 0.1.1 | 13.00 | 195.00 | 208.00 | NOTE | |
r-oldrel-macos-arm64 | 0.1.1 | 110.00 | NOTE | |||
r-oldrel-macos-x86_64 | 0.1.1 | 200.00 | NOTE | |||
r-oldrel-windows-x86_64 | 0.1.1 | 13.00 | 229.00 | 242.00 | NOTE |
Version: 0.1.1
Check: installed package size
Result: NOTE
installed size is 7.5Mb
sub-directories of 1Mb or more:
doc 7.3Mb
Flavors: r-devel-linux-x86_64-fedora-clang, r-devel-windows-x86_64, r-release-macos-arm64, r-release-macos-x86_64, r-release-windows-x86_64, r-oldrel-macos-arm64, r-oldrel-macos-x86_64, r-oldrel-windows-x86_64