Last updated on 2024-06-07 09:54:00 CEST.
Flavor | Version | Tinstall | Tcheck | Ttotal | Status | Flags |
---|---|---|---|---|---|---|
r-devel-linux-x86_64-debian-clang | 1.2.0 | 2.52 | 208.72 | 211.24 | NOTE | |
r-devel-linux-x86_64-debian-gcc | 1.2.0 | 2.77 | 152.96 | 155.73 | NOTE | |
r-devel-linux-x86_64-fedora-clang | 1.2.0 | 257.10 | NOTE | |||
r-devel-linux-x86_64-fedora-gcc | 1.2.0 | 260.34 | NOTE | |||
r-devel-windows-x86_64 | 1.2.0 | 5.00 | 147.00 | 152.00 | NOTE | |
r-patched-linux-x86_64 | 1.2.0 | 4.14 | 202.05 | 206.19 | NOTE | |
r-release-linux-x86_64 | 1.2.0 | 2.60 | 201.66 | 204.26 | NOTE | |
r-release-macos-arm64 | 1.2.0 | 80.00 | NOTE | |||
r-release-macos-x86_64 | 1.2.0 | 213.00 | NOTE | |||
r-release-windows-x86_64 | 1.2.0 | 6.00 | 147.00 | 153.00 | NOTE | |
r-oldrel-macos-arm64 | 1.2.0 | 84.00 | NOTE | |||
r-oldrel-macos-x86_64 | 1.2.0 | 141.00 | NOTE | |||
r-oldrel-windows-x86_64 | 1.2.0 | 6.00 | 202.00 | 208.00 | NOTE |
Version: 1.2.0
Check: package subdirectories
Result: NOTE
Problems with news in ‘NEWS.md’:
No news entries found.
Flavors: r-devel-linux-x86_64-debian-clang, r-devel-linux-x86_64-debian-gcc, r-devel-linux-x86_64-fedora-clang, r-devel-linux-x86_64-fedora-gcc, r-devel-windows-x86_64, r-patched-linux-x86_64, r-release-linux-x86_64, r-release-macos-arm64, r-release-macos-x86_64, r-release-windows-x86_64, r-oldrel-macos-arm64, r-oldrel-macos-x86_64, r-oldrel-windows-x86_64