Last updated on 2024-06-16 09:56:16 CEST.
Flavor | Version | Tinstall | Tcheck | Ttotal | Status | Flags |
---|---|---|---|---|---|---|
r-devel-linux-x86_64-debian-clang | 1.7.0 | 15.97 | 161.53 | 177.50 | NOTE | |
r-devel-linux-x86_64-debian-gcc | 1.7.0 | 12.61 | 120.42 | 133.03 | NOTE | |
r-devel-linux-x86_64-fedora-clang | 1.7.0 | 231.43 | NOTE | |||
r-devel-linux-x86_64-fedora-gcc | 1.7.0 | 221.57 | NOTE | |||
r-devel-windows-x86_64 | 1.7.0 | 13.00 | 137.00 | 150.00 | NOTE | |
r-patched-linux-x86_64 | 1.7.0 | 8.98 | 154.99 | 163.97 | NOTE | |
r-release-linux-x86_64 | 1.7.0 | 9.59 | 152.59 | 162.18 | NOTE | |
r-release-macos-arm64 | 1.7.0 | 67.00 | NOTE | |||
r-release-macos-x86_64 | 1.7.0 | 101.00 | NOTE | |||
r-release-windows-x86_64 | 1.7.0 | 14.00 | 138.00 | 152.00 | NOTE | |
r-oldrel-macos-arm64 | 1.7.0 | 78.00 | OK | |||
r-oldrel-macos-x86_64 | 1.7.0 | 113.00 | OK | |||
r-oldrel-windows-x86_64 | 1.7.0 | 18.00 | 170.00 | 188.00 | OK |
Version: 1.7.0
Check: Rd files
Result: NOTE
checkRd: (-1) spe.Rd:101: Lost braces
101 | code{spe} command; (4) \code{alpha} stores significance level as in
| ^
Flavors: r-devel-linux-x86_64-debian-clang, r-devel-linux-x86_64-debian-gcc, r-devel-linux-x86_64-fedora-clang, r-devel-linux-x86_64-fedora-gcc, r-devel-windows-x86_64, r-patched-linux-x86_64, r-release-linux-x86_64, r-release-macos-arm64, r-release-macos-x86_64, r-release-windows-x86_64