Last updated on 2024-06-07 09:54:10 CEST.
Flavor | Version | Tinstall | Tcheck | Ttotal | Status | Flags |
---|---|---|---|---|---|---|
r-devel-linux-x86_64-debian-clang | 1.0.0 | 5.46 | 64.56 | 70.02 | OK | |
r-devel-linux-x86_64-debian-gcc | 1.0.0 | 3.72 | 46.81 | 50.53 | OK | |
r-devel-linux-x86_64-fedora-clang | 1.0.0 | 85.37 | OK | |||
r-devel-linux-x86_64-fedora-gcc | 1.0.0 | 92.37 | OK | |||
r-devel-windows-x86_64 | 1.0.0 | 5.00 | 71.00 | 76.00 | OK | |
r-patched-linux-x86_64 | 1.0.0 | 6.45 | 61.59 | 68.04 | OK | |
r-release-linux-x86_64 | 1.0.0 | 4.74 | 59.96 | 64.70 | OK | |
r-release-macos-arm64 | 1.0.0 | 35.00 | WARN | |||
r-release-macos-x86_64 | 1.0.0 | 57.00 | WARN | |||
r-release-windows-x86_64 | 1.0.0 | 6.00 | 72.00 | 78.00 | OK | |
r-oldrel-macos-arm64 | 1.0.0 | 44.00 | WARN | |||
r-oldrel-macos-x86_64 | 1.0.0 | 76.00 | WARN | |||
r-oldrel-windows-x86_64 | 1.0.0 | 6.00 | 76.00 | 82.00 | OK |
Version: 1.0.0
Check: dependencies in R code
Result: WARN
Missing or unexported objects:
‘async::http_get’ ‘async::http_stop_for_status’ ‘async::synchronise’
‘async::when_all’
Flavors: r-release-macos-arm64, r-release-macos-x86_64, r-oldrel-macos-arm64, r-oldrel-macos-x86_64