Last updated on 2024-06-16 09:56:11 CEST.
Flavor | Version | Tinstall | Tcheck | Ttotal | Status | Flags |
---|---|---|---|---|---|---|
r-devel-linux-x86_64-debian-clang | 1.3.0 | 71.76 | 116.27 | 188.03 | OK | |
r-devel-linux-x86_64-debian-gcc | 1.3.0 | 50.27 | 87.33 | 137.60 | OK | |
r-devel-linux-x86_64-fedora-clang | 1.3.0 | 257.32 | OK | |||
r-devel-linux-x86_64-fedora-gcc | 1.3.0 | 267.75 | OK | |||
r-devel-windows-x86_64 | 1.3.0 | 55.00 | 141.00 | 196.00 | NOTE | |
r-patched-linux-x86_64 | 1.3.0 | 59.88 | 110.50 | 170.38 | OK | |
r-release-linux-x86_64 | 1.3.0 | 65.47 | 109.82 | 175.29 | OK | |
r-release-macos-arm64 | 1.3.0 | 77.00 | NOTE | |||
r-release-macos-x86_64 | 1.3.0 | 114.00 | NOTE | |||
r-release-windows-x86_64 | 1.3.0 | 53.00 | 143.00 | 196.00 | NOTE | |
r-oldrel-macos-arm64 | 1.3.0 | 65.00 | NOTE | |||
r-oldrel-macos-x86_64 | 1.3.0 | 162.00 | NOTE | |||
r-oldrel-windows-x86_64 | 1.3.0 | 70.00 | 173.00 | 243.00 | NOTE |
Version: 1.3.0
Check: installed package size
Result: NOTE
installed size is 5.1Mb
sub-directories of 1Mb or more:
doc 2.4Mb
libs 1.6Mb
Flavors: r-devel-windows-x86_64, r-release-macos-arm64, r-release-macos-x86_64, r-release-windows-x86_64, r-oldrel-macos-arm64, r-oldrel-macos-x86_64, r-oldrel-windows-x86_64