Last updated on 2024-06-07 09:54:08 CEST.
Flavor | Version | Tinstall | Tcheck | Ttotal | Status | Flags |
---|---|---|---|---|---|---|
r-devel-linux-x86_64-debian-clang | 1.47.5 | 23.07 | 197.99 | 221.06 | NOTE | |
r-devel-linux-x86_64-debian-gcc | 1.47.5 | 16.94 | 143.98 | 160.92 | NOTE | |
r-devel-linux-x86_64-fedora-clang | 1.47.5 | 265.68 | NOTE | |||
r-devel-linux-x86_64-fedora-gcc | 1.47.5 | 248.70 | NOTE | |||
r-devel-windows-x86_64 | 1.47.5 | 17.00 | 157.00 | 174.00 | OK | |
r-patched-linux-x86_64 | 1.47.5 | 18.22 | 187.19 | 205.41 | NOTE | |
r-release-linux-x86_64 | 1.47.5 | 19.76 | 186.35 | 206.11 | NOTE | |
r-release-macos-arm64 | 1.47.5 | 69.00 | OK | |||
r-release-macos-x86_64 | 1.47.5 | 110.00 | OK | |||
r-release-windows-x86_64 | 1.47.5 | 16.00 | 159.00 | 175.00 | OK | |
r-oldrel-macos-arm64 | 1.47.5 | 73.00 | OK | |||
r-oldrel-macos-x86_64 | 1.47.5 | 133.00 | OK | |||
r-oldrel-windows-x86_64 | 1.47.5 | 22.00 | 195.00 | 217.00 | OK |
Version: 1.47.5
Check: Rd cross-references
Result: NOTE
Unknown package ‘wgeesel’ in Rd xrefs
Flavors: r-devel-linux-x86_64-debian-clang, r-devel-linux-x86_64-debian-gcc, r-devel-linux-x86_64-fedora-gcc, r-patched-linux-x86_64, r-release-linux-x86_64
Version: 1.47.5
Check: Rd cross-references
Result: NOTE
Undeclared packages ‘AICcmodavg’, ‘bbmle’, ‘glmulti’, ‘arm’, ‘performance’, ‘wgeesel’, ‘ape’, ‘bestglm’, ‘leaps’, ‘glmmTMB’, ‘brglm’, ‘quantreg’, ‘maxlike’, ‘RMark’ in Rd xrefs
Unknown package ‘wgeesel’ in Rd xrefs
Flavor: r-devel-linux-x86_64-fedora-clang