Last updated on 2024-06-07 09:54:07 CEST.
Flavor | Version | Tinstall | Tcheck | Ttotal | Status | Flags |
---|---|---|---|---|---|---|
r-devel-linux-x86_64-debian-clang | 0.1-3 | 15.60 | 122.22 | 137.82 | NOTE | |
r-devel-linux-x86_64-debian-gcc | 0.1-3 | 9.24 | 88.32 | 97.56 | NOTE | |
r-devel-linux-x86_64-fedora-clang | 0.1-3 | 164.88 | NOTE | |||
r-devel-linux-x86_64-fedora-gcc | 0.1-3 | 170.56 | NOTE | |||
r-devel-windows-x86_64 | 0.1-3 | 24.00 | 133.00 | 157.00 | NOTE | |
r-patched-linux-x86_64 | 0.1-3 | 17.34 | 118.94 | 136.28 | NOTE | |
r-release-linux-x86_64 | 0.1-3 | 11.99 | 112.97 | 124.96 | NOTE | |
r-release-macos-arm64 | 0.1-3 | 58.00 | NOTE | |||
r-release-macos-x86_64 | 0.1-3 | 88.00 | NOTE | |||
r-release-windows-x86_64 | 0.1-3 | 25.00 | 131.00 | 156.00 | NOTE | |
r-oldrel-macos-arm64 | 0.1-3 | 63.00 | NOTE | |||
r-oldrel-macos-x86_64 | 0.1-3 | 142.00 | NOTE | |||
r-oldrel-windows-x86_64 | 0.1-3 | 28.00 | 140.00 | 168.00 | OK |
Version: 0.1-3
Check: Rd files
Result: NOTE
checkRd: (-1) u4_cba_cor.Rd:35: Lost braces
35 | \code{t * 1} and \code{B} is of dimension{t * N}. Ideally, \code{fun.sim}()
| ^
Flavors: r-devel-linux-x86_64-debian-clang, r-devel-linux-x86_64-debian-gcc, r-devel-linux-x86_64-fedora-clang, r-devel-linux-x86_64-fedora-gcc, r-devel-windows-x86_64, r-patched-linux-x86_64, r-release-linux-x86_64, r-release-macos-arm64, r-release-macos-x86_64, r-release-windows-x86_64
Version: 0.1-3
Check: package dependencies
Result: NOTE
Package which this enhances but not available for checking: ‘pbdMPI’
Flavors: r-release-macos-arm64, r-release-macos-x86_64, r-oldrel-macos-arm64, r-oldrel-macos-x86_64