Last updated on 2024-06-07 09:54:06 CEST.
Flavor | Version | Tinstall | Tcheck | Ttotal | Status | Flags |
---|---|---|---|---|---|---|
r-devel-linux-x86_64-debian-clang | 2.4 | 73.76 | 106.82 | 180.58 | OK | |
r-devel-linux-x86_64-debian-gcc | 2.4 | 52.44 | 78.25 | 130.69 | OK | |
r-devel-linux-x86_64-fedora-clang | 2.4 | 256.38 | OK | |||
r-devel-linux-x86_64-fedora-gcc | 2.4 | 254.40 | OK | |||
r-devel-windows-x86_64 | 2.4 | 64.00 | 123.00 | 187.00 | OK | |
r-patched-linux-x86_64 | 2.4 | 65.96 | 102.79 | 168.75 | OK | |
r-release-linux-x86_64 | 2.4 | 59.99 | 101.48 | 161.47 | OK | |
r-release-macos-arm64 | 2.4 | 62.00 | NOTE | |||
r-release-macos-x86_64 | 2.4 | 108.00 | NOTE | |||
r-release-windows-x86_64 | 2.4 | 66.00 | 132.00 | 198.00 | OK | |
r-oldrel-macos-arm64 | 2.4 | 72.00 | NOTE | |||
r-oldrel-macos-x86_64 | 2.4 | 125.00 | NOTE | |||
r-oldrel-windows-x86_64 | 2.4 | 77.00 | 148.00 | 225.00 | OK |
Version: 2.4
Check: installed package size
Result: NOTE
installed size is 6.7Mb
sub-directories of 1Mb or more:
data 1.6Mb
libs 3.9Mb
Flavors: r-release-macos-arm64, r-release-macos-x86_64, r-oldrel-macos-arm64, r-oldrel-macos-x86_64