Last updated on 2024-06-07 09:54:02 CEST.
Flavor | Version | Tinstall | Tcheck | Ttotal | Status | Flags |
---|---|---|---|---|---|---|
r-devel-linux-x86_64-debian-clang | 2.8.1 | 78.07 | 567.84 | 645.91 | NOTE | |
r-devel-linux-x86_64-debian-gcc | 2.8.1 | 58.87 | 388.46 | 447.33 | NOTE | |
r-devel-linux-x86_64-fedora-clang | 2.8.1 | 766.99 | NOTE | |||
r-devel-linux-x86_64-fedora-gcc | 2.8.1 | 726.41 | NOTE | |||
r-devel-windows-x86_64 | 2.8.1 | 63.00 | 479.00 | 542.00 | NOTE | |
r-patched-linux-x86_64 | 2.8.1 | 100.77 | 523.37 | 624.14 | NOTE | |
r-release-linux-x86_64 | 2.8.1 | 79.32 | 530.78 | 610.10 | NOTE | |
r-release-macos-arm64 | 2.8.1 | 156.00 | NOTE | |||
r-release-macos-x86_64 | 2.8.1 | 252.00 | NOTE | |||
r-release-windows-x86_64 | 2.8.1 | 63.00 | 495.00 | 558.00 | NOTE | |
r-oldrel-macos-arm64 | 2.8.1 | 161.00 | NOTE | |||
r-oldrel-macos-x86_64 | 2.8.1 | 380.00 | NOTE | |||
r-oldrel-windows-x86_64 | 2.8.1 | 79.00 | 611.00 | 690.00 | NOTE |
Version: 2.8.1
Check: Rd files
Result: NOTE
checkRd: (-1) Olympic.NH4.df.Rd:35: Lost braces in \itemize; meant \describe ?
checkRd: (-1) Olympic.NH4.df.Rd:36: Lost braces in \itemize; meant \describe ?
checkRd: (-1) Olympic.NH4.df.Rd:37: Lost braces in \itemize; meant \describe ?
checkRd: (-1) Olympic.NH4.df.Rd:38: Lost braces in \itemize; meant \describe ?
checkRd: (-1) Olympic.NH4.df.Rd:39: Lost braces in \itemize; meant \describe ?
checkRd: (-1) Olympic.NH4.df.Rd:40: Lost braces in \itemize; meant \describe ?
checkRd: (-1) Olympic.NH4.df.Rd:41: Lost braces in \itemize; meant \describe ?
checkRd: (-1) Olympic.NH4.df.Rd:42: Lost braces in \itemize; meant \describe ?
checkRd: (-1) eqpois.Rd:200: Lost braces
200 | \code{\link{epois}}, \link[stats]{Poisson}, code{\link{estimate.object}}.
| ^
checkRd: (-1) plotPredIntLnormAltSimultaneousTestPowerCurve.Rd:77: Lost braces
77 | positive integer between \code{1} and code{r} specifying the number of future
| ^
Flavors: r-devel-linux-x86_64-debian-clang, r-devel-linux-x86_64-debian-gcc, r-devel-linux-x86_64-fedora-clang, r-devel-linux-x86_64-fedora-gcc, r-devel-windows-x86_64, r-patched-linux-x86_64, r-release-linux-x86_64, r-release-macos-arm64, r-release-macos-x86_64, r-release-windows-x86_64
Version: 2.8.1
Check: installed package size
Result: NOTE
installed size is 6.6Mb
sub-directories of 1Mb or more:
R 2.3Mb
help 3.6Mb
Flavors: r-devel-linux-x86_64-fedora-clang, r-devel-windows-x86_64, r-release-macos-arm64, r-release-macos-x86_64, r-release-windows-x86_64, r-oldrel-macos-arm64, r-oldrel-macos-x86_64, r-oldrel-windows-x86_64