Last updated on 2024-06-07 09:54:01 CEST.
Flavor | Version | Tinstall | Tcheck | Ttotal | Status | Flags |
---|---|---|---|---|---|---|
r-devel-linux-x86_64-debian-clang | 1.0.2 | 3.39 | 37.34 | 40.73 | NOTE | |
r-devel-linux-x86_64-debian-gcc | 1.0.2 | 3.67 | 29.34 | 33.01 | NOTE | |
r-devel-linux-x86_64-fedora-clang | 1.0.2 | 53.00 | NOTE | |||
r-devel-linux-x86_64-fedora-gcc | 1.0.2 | 52.54 | NOTE | |||
r-devel-windows-x86_64 | 1.0.2 | 8.00 | 53.00 | 61.00 | NOTE | |
r-patched-linux-x86_64 | 1.0.2 | 3.53 | 35.91 | 39.44 | NOTE | |
r-release-linux-x86_64 | 1.0.2 | 3.83 | 36.10 | 39.93 | NOTE | |
r-release-macos-arm64 | 1.0.2 | 22.00 | NOTE | |||
r-release-macos-x86_64 | 1.0.2 | 33.00 | NOTE | |||
r-release-windows-x86_64 | 1.0.2 | 8.00 | 54.00 | 62.00 | NOTE | |
r-oldrel-macos-arm64 | 1.0.2 | 19.00 | NOTE | |||
r-oldrel-macos-x86_64 | 1.0.2 | 28.00 | NOTE | |||
r-oldrel-windows-x86_64 | 1.0.2 | 9.00 | 61.00 | 70.00 | NOTE |
Version: 1.0.2
Check: Rd files
Result: NOTE
checkRd: (-1) DendSer.Rd:50: Escaped LaTeX specials: \&
Flavors: r-devel-linux-x86_64-debian-clang, r-devel-linux-x86_64-debian-gcc, r-devel-linux-x86_64-fedora-clang, r-devel-linux-x86_64-fedora-gcc, r-devel-windows-x86_64, r-patched-linux-x86_64, r-release-linux-x86_64, r-release-macos-arm64, r-release-macos-x86_64, r-release-windows-x86_64, r-oldrel-macos-arm64, r-oldrel-macos-x86_64, r-oldrel-windows-x86_64