Last updated on 2024-06-07 09:54:01 CEST.
Flavor | Version | Tinstall | Tcheck | Ttotal | Status | Flags |
---|---|---|---|---|---|---|
r-devel-linux-x86_64-debian-clang | 1.1.1 | 59.45 | 31.34 | 90.79 | NOTE | |
r-devel-linux-x86_64-debian-gcc | 1.1.1 | 36.05 | 24.10 | 60.15 | NOTE | |
r-devel-linux-x86_64-fedora-clang | 1.1.1 | 110.28 | NOTE | |||
r-devel-linux-x86_64-fedora-gcc | 1.1.1 | 129.32 | NOTE | |||
r-devel-windows-x86_64 | 1.1.1 | 40.00 | 65.00 | 105.00 | NOTE | |
r-patched-linux-x86_64 | 1.1.1 | 44.97 | 29.69 | 74.66 | NOTE | |
r-release-linux-x86_64 | 1.1.1 | 42.74 | 30.29 | 73.03 | NOTE | |
r-release-macos-arm64 | 1.1.1 | 32.00 | NOTE | |||
r-release-macos-x86_64 | 1.1.1 | 54.00 | NOTE | |||
r-release-windows-x86_64 | 1.1.1 | 38.00 | 68.00 | 106.00 | NOTE | |
r-oldrel-macos-arm64 | 1.1.1 | 33.00 | NOTE | |||
r-oldrel-macos-x86_64 | 1.1.1 | 61.00 | NOTE | |||
r-oldrel-windows-x86_64 | 1.1.1 | 49.00 | 78.00 | 127.00 | NOTE |
Version: 1.1.1
Check: C++ specification
Result: NOTE
Specified C++11: please drop specification unless essential
Flavors: r-devel-linux-x86_64-debian-clang, r-devel-linux-x86_64-debian-gcc, r-devel-linux-x86_64-fedora-clang, r-devel-linux-x86_64-fedora-gcc, r-patched-linux-x86_64, r-release-linux-x86_64, r-release-macos-arm64, r-release-macos-x86_64, r-oldrel-macos-arm64, r-oldrel-macos-x86_64
Version: 1.1.1
Check: LazyData
Result: NOTE
'LazyData' is specified without a 'data' directory
Flavors: r-devel-linux-x86_64-debian-clang, r-devel-linux-x86_64-debian-gcc, r-devel-linux-x86_64-fedora-clang, r-devel-linux-x86_64-fedora-gcc, r-devel-windows-x86_64, r-patched-linux-x86_64, r-release-linux-x86_64, r-release-macos-arm64, r-release-macos-x86_64, r-release-windows-x86_64, r-oldrel-macos-arm64, r-oldrel-macos-x86_64, r-oldrel-windows-x86_64
Version: 1.1.1
Check: compiled code
Result: NOTE
File ‘CoxPlus/libs/CoxPlus.so’:
Found no calls to: ‘R_registerRoutines’, ‘R_useDynamicSymbols’
It is good practice to register native routines and to disable symbol
search.
See ‘Writing portable packages’ in the ‘Writing R Extensions’ manual.
Flavors: r-devel-linux-x86_64-fedora-clang, r-devel-linux-x86_64-fedora-gcc
Version: 1.1.1
Check: installed package size
Result: NOTE
installed size is 6.6Mb
sub-directories of 1Mb or more:
libs 6.5Mb
Flavors: r-release-macos-arm64, r-release-macos-x86_64, r-oldrel-macos-arm64, r-oldrel-macos-x86_64